{"id":18,"date":"2025-01-28T04:37:08","date_gmt":"2025-01-28T04:37:08","guid":{"rendered":"https:\/\/mafag-ag.ch\/?page_id=18"},"modified":"2025-03-22T20:13:37","modified_gmt":"2025-03-22T20:13:37","slug":"mechanik","status":"publish","type":"page","link":"https:\/\/mafag-ag.ch\/index.php\/mechanik\/","title":{"rendered":"Mechanik"},"content":{"rendered":"\t\t<div data-elementor-type=\"wp-page\" data-elementor-id=\"18\" class=\"elementor elementor-18\">\n\t\t\t\t<div class=\"elementor-element elementor-element-bd393e8 e-flex e-con-boxed e-con e-parent\" data-id=\"bd393e8\" data-element_type=\"container\">\n\t\t\t\t\t<div class=\"e-con-inner\">\n\t\t\t\t<div class=\"elementor-element elementor-element-fb343af elementor-widget elementor-widget-text-editor\" data-id=\"fb343af\" data-element_type=\"widget\" data-widget_type=\"text-editor.default\">\n\t\t\t\t<div class=\"elementor-widget-container\">\n\t\t\t\t\t\t\t\t\t<p><span data-contrast=\"auto\">Unser Ziel ist es, sie termingerecht, mit qualitativ hochstehenden Produkten zu fairen Preisen zu beliefern.<\/span>\u00a0<\/p><p><span data-contrast=\"auto\">Die Ausgangskontrolle erh\u00e4lt besondere Aufmerksamkeit.<\/span>\u00a0<\/p>\t\t\t\t\t\t\t\t<\/div>\n\t\t\t\t<\/div>\n\t\t\t\t\t<\/div>\n\t\t\t\t<\/div>\n\t\t<div class=\"elementor-element elementor-element-93c8c02 e-flex e-con-boxed e-con e-parent\" data-id=\"93c8c02\" data-element_type=\"container\" data-settings=\"{&quot;background_background&quot;:&quot;classic&quot;}\">\n\t\t\t\t\t<div class=\"e-con-inner\">\n\t\t<div class=\"elementor-element elementor-element-ffabf8a e-con-full e-flex e-con e-child\" data-id=\"ffabf8a\" data-element_type=\"container\" data-settings=\"{&quot;background_background&quot;:&quot;classic&quot;}\">\n\t\t\t\t<div class=\"elementor-element elementor-element-080472d elementor-widget elementor-widget-spacer\" data-id=\"080472d\" data-element_type=\"widget\" data-widget_type=\"spacer.default\">\n\t\t\t\t<div class=\"elementor-widget-container\">\n\t\t\t\t\t\t\t<div class=\"elementor-spacer\">\n\t\t\t<div class=\"elementor-spacer-inner\"><\/div>\n\t\t<\/div>\n\t\t\t\t\t\t<\/div>\n\t\t\t\t<\/div>\n\t\t\t\t<div class=\"elementor-element elementor-element-380589f elementor-widget elementor-widget-heading\" data-id=\"380589f\" data-element_type=\"widget\" data-widget_type=\"heading.default\">\n\t\t\t\t<div class=\"elementor-widget-container\">\n\t\t\t\t\t<h2 class=\"elementor-heading-title elementor-size-default\">Medizinaltechnik<\/h2>\t\t\t\t<\/div>\n\t\t\t\t<\/div>\n\t\t\t\t<div class=\"elementor-element elementor-element-c061ba2 elementor-widget elementor-widget-text-editor\" data-id=\"c061ba2\" data-element_type=\"widget\" data-widget_type=\"text-editor.default\">\n\t\t\t\t<div class=\"elementor-widget-container\">\n\t\t\t\t\t\t\t\t\t<p><span data-contrast=\"auto\">Pr\u00e4zisionsteile f\u00fcr die Medizintechnik war und ist unsere Passion. Wir unterst\u00fctzen sie bei der Produktion ihrer innovativen Produkte und erf\u00fcllen die h\u00f6chsten Qualit\u00e4tsstandards.<\/span>\u00a0<\/p><p><span data-contrast=\"auto\">Unsere Unternehmen bietet eine umfassende Dienstleistung, wie das Herstellen von Prototypen, die Produktion kleinerer und gr\u00f6sserer Serien, optimierte Fertigungstechnik und Veredelung.<\/span>\u00a0<\/p>\t\t\t\t\t\t\t\t<\/div>\n\t\t\t\t<\/div>\n\t\t\t\t<\/div>\n\t\t<div class=\"elementor-element elementor-element-bc8107e e-con-full e-flex e-con e-child\" data-id=\"bc8107e\" data-element_type=\"container\" data-settings=\"{&quot;background_background&quot;:&quot;classic&quot;}\">\n\t\t\t\t<div class=\"elementor-element elementor-element-fcc6a0c elementor-widget elementor-widget-spacer\" data-id=\"fcc6a0c\" data-element_type=\"widget\" data-widget_type=\"spacer.default\">\n\t\t\t\t<div class=\"elementor-widget-container\">\n\t\t\t\t\t\t\t<div class=\"elementor-spacer\">\n\t\t\t<div class=\"elementor-spacer-inner\"><\/div>\n\t\t<\/div>\n\t\t\t\t\t\t<\/div>\n\t\t\t\t<\/div>\n\t\t\t\t<div class=\"elementor-element elementor-element-07193b9 elementor-widget elementor-widget-heading\" data-id=\"07193b9\" data-element_type=\"widget\" data-widget_type=\"heading.default\">\n\t\t\t\t<div class=\"elementor-widget-container\">\n\t\t\t\t\t<h2 class=\"elementor-heading-title elementor-size-default\">Fertigungsauftr\u00e4ge<\/h2>\t\t\t\t<\/div>\n\t\t\t\t<\/div>\n\t\t\t\t<div class=\"elementor-element elementor-element-fe91591 elementor-widget elementor-widget-text-editor\" data-id=\"fe91591\" data-element_type=\"widget\" data-widget_type=\"text-editor.default\">\n\t\t\t\t<div class=\"elementor-widget-container\">\n\t\t\t\t\t\t\t\t\t<p><span data-contrast=\"auto\">Lohnherstellung mechanischer Teile gem\u00e4ss Kundenzeichnungen.<\/span>\u00a0<\/p><p><span data-contrast=\"auto\">Wir w\u00e4hlen f\u00fcr das jeweilige Projekt die beste Fertigungsm\u00f6glichkeit, koordinieren die diversen Schritte der Produktion, optimieren wo m\u00f6glich, behalten die \u00dcbersicht \u00fcber die Termine\u2026 oder haben die Termine im Griff\u2026<\/span>\u00a0<\/p>\t\t\t\t\t\t\t\t<\/div>\n\t\t\t\t<\/div>\n\t\t\t\t<\/div>\n\t\t<div class=\"elementor-element elementor-element-cebe6af e-con-full e-flex e-con e-child\" data-id=\"cebe6af\" data-element_type=\"container\" data-settings=\"{&quot;background_background&quot;:&quot;classic&quot;}\">\n\t\t\t\t<div class=\"elementor-element elementor-element-763a1c1 elementor-widget elementor-widget-spacer\" data-id=\"763a1c1\" data-element_type=\"widget\" data-widget_type=\"spacer.default\">\n\t\t\t\t<div class=\"elementor-widget-container\">\n\t\t\t\t\t\t\t<div class=\"elementor-spacer\">\n\t\t\t<div class=\"elementor-spacer-inner\"><\/div>\n\t\t<\/div>\n\t\t\t\t\t\t<\/div>\n\t\t\t\t<\/div>\n\t\t\t\t<div class=\"elementor-element elementor-element-c4a5d41 elementor-widget elementor-widget-heading\" data-id=\"c4a5d41\" data-element_type=\"widget\" data-widget_type=\"heading.default\">\n\t\t\t\t<div class=\"elementor-widget-container\">\n\t\t\t\t\t<h2 class=\"elementor-heading-title elementor-size-default\">Gravuren\u200b<\/h2>\t\t\t\t<\/div>\n\t\t\t\t<\/div>\n\t\t\t\t<div class=\"elementor-element elementor-element-7301488 elementor-widget elementor-widget-text-editor\" data-id=\"7301488\" data-element_type=\"widget\" data-widget_type=\"text-editor.default\">\n\t\t\t\t<div class=\"elementor-widget-container\">\n\t\t\t\t\t\t\t\t\t<p><span data-contrast=\"auto\">Wir beschriften ihre Schilder jeglicher Gr\u00f6sse, Material und Art mit ihrem Text.<\/span>\u00a0<\/p><p><span data-contrast=\"auto\">Schilder f\u00fcr Sonnerien, Namensschilder, Typenschilder, Kabelbeschriftungen, Anh\u00e4ngeschilder usw.<\/span>\u00a0<\/p>\t\t\t\t\t\t\t\t<\/div>\n\t\t\t\t<\/div>\n\t\t\t\t<\/div>\n\t\t<div class=\"elementor-element elementor-element-b7c3867 e-con-full e-flex e-con e-child\" data-id=\"b7c3867\" data-element_type=\"container\">\n\t\t\t\t<\/div>\n\t\t<div class=\"elementor-element elementor-element-d979231 e-con-full e-flex e-con e-child\" data-id=\"d979231\" data-element_type=\"container\">\n\t\t\t\t<\/div>\n\t\t\t\t\t<\/div>\n\t\t\t\t<\/div>\n\t\t\t\t<\/div>\n\t\t","protected":false},"excerpt":{"rendered":"<p>Unser Ziel ist es, sie termingerecht, mit qualitativ hochstehenden Produkten zu fairen Preisen zu beliefern.\u00a0 Die Ausgangskontrolle erh\u00e4lt besondere Aufmerksamkeit.\u00a0 Medizinaltechnik Pr\u00e4zisionsteile f\u00fcr die Medizintechnik war und ist unsere Passion. Wir unterst\u00fctzen sie bei der Produktion ihrer innovativen Produkte und erf\u00fcllen die h\u00f6chsten Qualit\u00e4tsstandards.\u00a0 Unsere Unternehmen bietet eine umfassende Dienstleistung, wie das Herstellen von Prototypen, [&hellip;]<\/p>\n","protected":false},"author":1,"featured_media":0,"parent":0,"menu_order":0,"comment_status":"closed","ping_status":"closed","template":"elementor_header_footer","meta":{"footnotes":""},"class_list":["post-18","page","type-page","status-publish","hentry"],"jetpack_sharing_enabled":true,"_links":{"self":[{"href":"https:\/\/mafag-ag.ch\/index.php\/wp-json\/wp\/v2\/pages\/18","targetHints":{"allow":["GET"]}}],"collection":[{"href":"https:\/\/mafag-ag.ch\/index.php\/wp-json\/wp\/v2\/pages"}],"about":[{"href":"https:\/\/mafag-ag.ch\/index.php\/wp-json\/wp\/v2\/types\/page"}],"author":[{"embeddable":true,"href":"https:\/\/mafag-ag.ch\/index.php\/wp-json\/wp\/v2\/users\/1"}],"replies":[{"embeddable":true,"href":"https:\/\/mafag-ag.ch\/index.php\/wp-json\/wp\/v2\/comments?post=18"}],"version-history":[{"count":25,"href":"https:\/\/mafag-ag.ch\/index.php\/wp-json\/wp\/v2\/pages\/18\/revisions"}],"predecessor-version":[{"id":422,"href":"https:\/\/mafag-ag.ch\/index.php\/wp-json\/wp\/v2\/pages\/18\/revisions\/422"}],"wp:attachment":[{"href":"https:\/\/mafag-ag.ch\/index.php\/wp-json\/wp\/v2\/media?parent=18"}],"curies":[{"name":"wp","href":"https:\/\/api.w.org\/{rel}","templated":true}]}}